{"id":53,"date":"2024-12-11T18:42:15","date_gmt":"2024-12-11T17:42:15","guid":{"rendered":"https:\/\/opoka.gliwice.pl\/?page_id=53"},"modified":"2024-12-23T19:46:39","modified_gmt":"2024-12-23T18:46:39","slug":"misja-domu","status":"publish","type":"page","link":"https:\/\/opoka.gliwice.pl\/index.php\/misja-domu\/","title":{"rendered":"Misja Domu"},"content":{"rendered":"\t\t<div data-elementor-type=\"wp-page\" data-elementor-id=\"53\" class=\"elementor elementor-53\">\n\t\t\t\t<div class=\"elementor-element elementor-element-f893c53 e-con-full e-flex e-con e-parent\" data-id=\"f893c53\" data-element_type=\"container\" data-e-type=\"container\">\n\t\t<div class=\"elementor-element elementor-element-f79c6aa e-con-full e-flex e-con e-child\" data-id=\"f79c6aa\" data-element_type=\"container\" data-e-type=\"container\">\n\t\t\t\t<div class=\"elementor-element elementor-element-c1268c5 elementor-widget elementor-widget-hfe-breadcrumbs-widget\" data-id=\"c1268c5\" data-element_type=\"widget\" data-e-type=\"widget\" data-widget_type=\"hfe-breadcrumbs-widget.default\">\n\t\t\t\t<div class=\"elementor-widget-container\">\n\t\t\t\t\t<nav aria-label=\"Breadcrumb\"><ul class=\"hfe-breadcrumbs hfe-breadcrumbs-show-home\"><li class=\"hfe-breadcrumbs-item hfe-breadcrumbs-first\"><span class=\"hfe-breadcrumbs-home-icon\"><svg aria-hidden=\"true\" class=\"e-font-icon-svg e-fas-home\" viewBox=\"0 0 576 512\" xmlns=\"http:\/\/www.w3.org\/2000\/svg\"><path d=\"M280.37 148.26L96 300.11V464a16 16 0 0 0 16 16l112.06-.29a16 16 0 0 0 15.92-16V368a16 16 0 0 1 16-16h64a16 16 0 0 1 16 16v95.64a16 16 0 0 0 16 16.05L464 480a16 16 0 0 0 16-16V300L295.67 148.26a12.19 12.19 0 0 0-15.3 0zM571.6 251.47L488 182.56V44.05a12 12 0 0 0-12-12h-56a12 12 0 0 0-12 12v72.61L318.47 43a48 48 0 0 0-61 0L4.34 251.47a12 12 0 0 0-1.6 16.9l25.5 31A12 12 0 0 0 45.15 301l235.22-193.74a12.19 12.19 0 0 1 15.3 0L530.9 301a12 12 0 0 0 16.9-1.6l25.5-31a12 12 0 0 0-1.7-16.93z\"><\/path><\/svg><\/span><a href=\"https:\/\/opoka.gliwice.pl\"><span class=\"hfe-breadcrumbs-text\">Home<\/span><\/a><\/li><\/ul><\/nav>\t\t\t\t<\/div>\n\t\t\t\t<\/div>\n\t\t\t\t<div class=\"elementor-element elementor-element-a22eed5 elementor-widget elementor-widget-heading\" data-id=\"a22eed5\" data-element_type=\"widget\" data-e-type=\"widget\" data-widget_type=\"heading.default\">\n\t\t\t\t<div class=\"elementor-widget-container\">\n\t\t\t\t\t<h2 class=\"elementor-heading-title elementor-size-default\">Misja<\/h2>\t\t\t\t<\/div>\n\t\t\t\t<\/div>\n\t\t\t\t<div class=\"elementor-element elementor-element-6ff6a0e elementor-widget-divider--view-line elementor-widget elementor-widget-divider\" data-id=\"6ff6a0e\" data-element_type=\"widget\" data-e-type=\"widget\" data-widget_type=\"divider.default\">\n\t\t\t\t<div class=\"elementor-widget-container\">\n\t\t\t\t\t\t\t<div class=\"elementor-divider\">\n\t\t\t<span class=\"elementor-divider-separator\">\n\t\t\t\t\t\t<\/span>\n\t\t<\/div>\n\t\t\t\t\t\t<\/div>\n\t\t\t\t<\/div>\n\t\t\t\t<div class=\"elementor-element elementor-element-d2f2cf6 elementor-widget elementor-widget-text-editor\" data-id=\"d2f2cf6\" data-element_type=\"widget\" data-e-type=\"widget\" data-widget_type=\"text-editor.default\">\n\t\t\t\t<div class=\"elementor-widget-container\">\n\t\t\t\t\t\t\t\t\t<strong>NASZ\u0104 MISJA JEST<\/strong>\n\nStworzy\u0107 taki dom, kt\u00f3ry daje mieszka\u0144com poczucie bezpiecze\u0144stwa, stwarza atmosfer\u0119 wzajemnego zaufania, daje poczucie autentycznej troski o&nbsp;ich sprawy. Stworzy\u0107 taki zesp\u00f3\u0142 pracownik\u00f3w, kt\u00f3ry b\u0119dzie w&nbsp;spos\u00f3b profesjonalny wykonywa\u0107 swoje zadania, a&nbsp;jego cz\u0142onkowie b\u0119d\u0105 dumni z&nbsp;tego, \u017ce pracuj\u0105 w&nbsp;tym w\u0142a\u015bnie miejscu.\n\nPodstawowym zadaniem Domu Pomocy Spo\u0142ecznej \u201eOpoka\u201d w\u00a0Gliwicach jest zapewnienie jego mieszka\u0144com ca\u0142odobowej opieki oraz zaspokojenie niezb\u0119dnych potrzeb bytowych, opieku\u0144czych i&nbsp;wspomagaj\u0105cych, w&nbsp;atmosferze serdeczno\u015bci i&nbsp;troski, z&nbsp;poszanowaniem prawa i&nbsp;godno\u015bci osobistej, zgodnie z&nbsp;og\u00f3lnie przyj\u0119tymi zasadami \u017cycia spo\u0142ecznego. Ka\u017cdy mieszkaniec ma prawo do zachowania intymno\u015bci i&nbsp;w\u0142asnego stylu \u017cycia, nie naruszaj\u0105c praw innych mieszka\u0144c\u00f3w.\n\nZapewnienie ca\u0142odobowej opieki nad mieszka\u0144cami jest realizowane w\u00a0oparciu o\u00a0wyznaczone cele:\n<ul>\n \t<li>cel profilaktyczny, czyli ograniczenie sytuacji wymagaj\u0105cych udzielenia wsparcia poprzez przeciwdzia\u0142anie zjawisku instytucjonalizacji, utrzymanie dobrej kondycji psychofizycznej mieszka\u0144c\u00f3w i&nbsp;sta\u0142\u0105 wsp\u00f3\u0142prac\u0119 z&nbsp;pomoc\u0105 \u015brodowiskow\u0105;<\/li>\n \t<li>cel socjalny, czyli udzielenie pomocy na odpowiednim poziomie, je\u015bli zachodzi taka potrzeba poprzez zaspokajanie potrzeb fizycznych i&nbsp;psychicznych, przystosowanie do \u017cycia w&nbsp;instytucji, indywidualne wspieranie i&nbsp;nauka akceptacji w\u0142asnych ogranicze\u0144;<\/li>\n \t<li>cel aktywizuj\u0105cy, czyli d\u0105\u017cenie do uniezale\u017cnienia mieszka\u0144c\u00f3w poprzez aktywizowanie, usamodzielnianie, prac\u0119 terapeutyczn\u0105 i&nbsp;wsp\u00f3\u0142decydowanie;<\/li>\n \t<li>cel integracyjny, czyli ograniczenie marginalizacji mieszka\u0144c\u00f3w domu poprzez podtrzymywanie kontakt\u00f3w z&nbsp;rodzin\u0105, kszta\u0142towanie kontakt\u00f3w z&nbsp;najbli\u017cszym \u015brodowiskiem oraz integracje pomocy instytucjonalnej i&nbsp;\u015brodowiskowej.<\/li>\n<\/ul>\t\t\t\t\t\t\t\t<\/div>\n\t\t\t\t<\/div>\n\t\t\t\t<\/div>\n\t\t<div class=\"elementor-element elementor-element-1ff17a2 e-con-full e-flex e-con e-child\" data-id=\"1ff17a2\" data-element_type=\"container\" data-e-type=\"container\" data-settings=\"{&quot;background_background&quot;:&quot;classic&quot;}\">\n\t\t\t\t<div class=\"elementor-element elementor-element-b48834a elementor-widget elementor-widget-image\" data-id=\"b48834a\" data-element_type=\"widget\" data-e-type=\"widget\" data-widget_type=\"image.default\">\n\t\t\t\t<div class=\"elementor-widget-container\">\n\t\t\t\t\t\t\t\t\t\t\t\t\t\t\t<img fetchpriority=\"high\" decoding=\"async\" width=\"800\" height=\"833\" src=\"https:\/\/opoka.gliwice.pl\/wp-content\/uploads\/2024\/12\/DPS-OPOKA_wersja-3-\u2013-bez-984x1024.png\" class=\"attachment-large size-large wp-image-12\" alt=\"Budynek Domu Pomocy Spo\u0142ecznej\" srcset=\"https:\/\/opoka.gliwice.pl\/wp-content\/uploads\/2024\/12\/DPS-OPOKA_wersja-3-\u2013-bez-984x1024.png 984w, https:\/\/opoka.gliwice.pl\/wp-content\/uploads\/2024\/12\/DPS-OPOKA_wersja-3-\u2013-bez-288x300.png 288w, https:\/\/opoka.gliwice.pl\/wp-content\/uploads\/2024\/12\/DPS-OPOKA_wersja-3-\u2013-bez-768x799.png 768w, https:\/\/opoka.gliwice.pl\/wp-content\/uploads\/2024\/12\/DPS-OPOKA_wersja-3-\u2013-bez.png 1199w\" sizes=\"(max-width: 800px) 100vw, 800px\" \/>\t\t\t\t\t\t\t\t\t\t\t\t\t\t\t<\/div>\n\t\t\t\t<\/div>\n\t\t\t\t<\/div>\n\t\t\t\t<\/div>\n\t\t\t\t<\/div>\n\t\t","protected":false},"excerpt":{"rendered":"<p>Home Misja NASZ\u0104 MISJA JEST Stworzy\u0107 taki dom, kt\u00f3ry daje mieszka\u0144com poczucie bezpiecze\u0144stwa, stwarza atmosfer\u0119 wzajemnego zaufania, daje poczucie autentycznej troski o&nbsp;ich sprawy. Stworzy\u0107 taki zesp\u00f3\u0142 pracownik\u00f3w, kt\u00f3ry b\u0119dzie w&nbsp;spos\u00f3b profesjonalny wykonywa\u0107 swoje zadania, a&nbsp;jego cz\u0142onkowie b\u0119d\u0105 dumni z&nbsp;tego, \u017ce pracuj\u0105 w&nbsp;tym w\u0142a\u015bnie miejscu. Podstawowym zadaniem Domu Pomocy Spo\u0142ecznej \u201eOpoka\u201d w\u00a0Gliwicach jest zapewnienie jego mieszka\u0144com [&hellip;]<\/p>\n","protected":false},"author":1,"featured_media":0,"parent":0,"menu_order":0,"comment_status":"closed","ping_status":"closed","template":"","meta":{"footnotes":""},"class_list":["post-53","page","type-page","status-publish","hentry"],"_links":{"self":[{"href":"https:\/\/opoka.gliwice.pl\/index.php\/wp-json\/wp\/v2\/pages\/53","targetHints":{"allow":["GET"]}}],"collection":[{"href":"https:\/\/opoka.gliwice.pl\/index.php\/wp-json\/wp\/v2\/pages"}],"about":[{"href":"https:\/\/opoka.gliwice.pl\/index.php\/wp-json\/wp\/v2\/types\/page"}],"author":[{"embeddable":true,"href":"https:\/\/opoka.gliwice.pl\/index.php\/wp-json\/wp\/v2\/users\/1"}],"replies":[{"embeddable":true,"href":"https:\/\/opoka.gliwice.pl\/index.php\/wp-json\/wp\/v2\/comments?post=53"}],"version-history":[{"count":10,"href":"https:\/\/opoka.gliwice.pl\/index.php\/wp-json\/wp\/v2\/pages\/53\/revisions"}],"predecessor-version":[{"id":592,"href":"https:\/\/opoka.gliwice.pl\/index.php\/wp-json\/wp\/v2\/pages\/53\/revisions\/592"}],"wp:attachment":[{"href":"https:\/\/opoka.gliwice.pl\/index.php\/wp-json\/wp\/v2\/media?parent=53"}],"curies":[{"name":"wp","href":"https:\/\/api.w.org\/{rel}","templated":true}]}}