{"id":51,"date":"2024-12-11T18:41:58","date_gmt":"2024-12-11T17:41:58","guid":{"rendered":"https:\/\/opoka.gliwice.pl\/?page_id=51"},"modified":"2024-12-23T19:51:13","modified_gmt":"2024-12-23T18:51:13","slug":"metody-pracy","status":"publish","type":"page","link":"https:\/\/opoka.gliwice.pl\/index.php\/metody-pracy\/","title":{"rendered":"Metody Pracy"},"content":{"rendered":"\t\t<div data-elementor-type=\"wp-page\" data-elementor-id=\"51\" class=\"elementor elementor-51\">\n\t\t\t\t<div class=\"elementor-element elementor-element-4ebd97e9 e-flex e-con-boxed e-con e-parent\" data-id=\"4ebd97e9\" data-element_type=\"container\" data-e-type=\"container\">\n\t\t\t\t\t<div class=\"e-con-inner\">\n\t\t\t\t<div class=\"elementor-element elementor-element-50713fa7 elementor-widget elementor-widget-hfe-breadcrumbs-widget\" data-id=\"50713fa7\" data-element_type=\"widget\" data-e-type=\"widget\" data-widget_type=\"hfe-breadcrumbs-widget.default\">\n\t\t\t\t<div class=\"elementor-widget-container\">\n\t\t\t\t\t<nav aria-label=\"Breadcrumb\"><ul class=\"hfe-breadcrumbs hfe-breadcrumbs-show-home\"><li class=\"hfe-breadcrumbs-item hfe-breadcrumbs-first\"><span class=\"hfe-breadcrumbs-home-icon\"><svg aria-hidden=\"true\" class=\"e-font-icon-svg e-fas-home\" viewBox=\"0 0 576 512\" xmlns=\"http:\/\/www.w3.org\/2000\/svg\"><path d=\"M280.37 148.26L96 300.11V464a16 16 0 0 0 16 16l112.06-.29a16 16 0 0 0 15.92-16V368a16 16 0 0 1 16-16h64a16 16 0 0 1 16 16v95.64a16 16 0 0 0 16 16.05L464 480a16 16 0 0 0 16-16V300L295.67 148.26a12.19 12.19 0 0 0-15.3 0zM571.6 251.47L488 182.56V44.05a12 12 0 0 0-12-12h-56a12 12 0 0 0-12 12v72.61L318.47 43a48 48 0 0 0-61 0L4.34 251.47a12 12 0 0 0-1.6 16.9l25.5 31A12 12 0 0 0 45.15 301l235.22-193.74a12.19 12.19 0 0 1 15.3 0L530.9 301a12 12 0 0 0 16.9-1.6l25.5-31a12 12 0 0 0-1.7-16.93z\"><\/path><\/svg><\/span><a href=\"https:\/\/opoka.gliwice.pl\"><span class=\"hfe-breadcrumbs-text\">Start<\/span><\/a><\/li><\/ul><\/nav>\t\t\t\t<\/div>\n\t\t\t\t<\/div>\n\t\t\t\t\t<\/div>\n\t\t\t\t<\/div>\n\t\t<div class=\"elementor-element elementor-element-6f3b97fe e-flex e-con-boxed e-con e-parent\" data-id=\"6f3b97fe\" data-element_type=\"container\" data-e-type=\"container\">\n\t\t\t\t\t<div class=\"e-con-inner\">\n\t\t\t\t<div class=\"elementor-element elementor-element-10650b95 animated-slow elementor-invisible elementor-widget elementor-widget-heading\" data-id=\"10650b95\" data-element_type=\"widget\" data-e-type=\"widget\" data-settings=\"{&quot;_animation&quot;:&quot;fadeIn&quot;}\" data-widget_type=\"heading.default\">\n\t\t\t\t<div class=\"elementor-widget-container\">\n\t\t\t\t\t<h2 class=\"elementor-heading-title elementor-size-default\">Metody Pracy<\/h2>\t\t\t\t<\/div>\n\t\t\t\t<\/div>\n\t\t\t\t<div class=\"elementor-element elementor-element-2e26284c animated-slow elementor-widget-divider--view-line elementor-invisible elementor-widget elementor-widget-divider\" data-id=\"2e26284c\" data-element_type=\"widget\" data-e-type=\"widget\" data-settings=\"{&quot;_animation&quot;:&quot;fadeInRight&quot;}\" data-widget_type=\"divider.default\">\n\t\t\t\t<div class=\"elementor-widget-container\">\n\t\t\t\t\t\t\t<div class=\"elementor-divider\">\n\t\t\t<span class=\"elementor-divider-separator\">\n\t\t\t\t\t\t<\/span>\n\t\t<\/div>\n\t\t\t\t\t\t<\/div>\n\t\t\t\t<\/div>\n\t\t\t\t\t<\/div>\n\t\t\t\t<\/div>\n\t\t<div class=\"elementor-element elementor-element-1851f394 e-flex e-con-boxed e-con e-parent\" data-id=\"1851f394\" data-element_type=\"container\" data-e-type=\"container\">\n\t\t\t\t\t<div class=\"e-con-inner\">\n\t\t\t\t<div class=\"elementor-element elementor-element-689dbc73 elementor-widget elementor-widget-text-editor\" data-id=\"689dbc73\" data-element_type=\"widget\" data-e-type=\"widget\" data-widget_type=\"text-editor.default\">\n\t\t\t\t<div class=\"elementor-widget-container\">\n\t\t\t\t\t\t\t\t\t<p>Podstawowym zadaniem Domu jest zapewnienie jego Mieszka\u0144com ca\u0142odobowej opieki oraz zaspokojenie niezb\u0119dnych potrzeb bytowych, opieku\u0144czych i\u00a0wspomagaj\u0105cych\u00a0w\u00a0atmosferze \u017cyczliwo\u015bci, serdeczno\u015bci i\u00a0troski o\u00a0drugiego cz\u0142owieka z\u00a0poszanowaniem praw i\u00a0godno\u015bci osobistej zgodnie z\u00a0przyj\u0119tymi zasadami \u017cycia spo\u0142ecznego.<\/p><p>W plac\u00f3wce dzia\u0142a Samorz\u0105d Mieszka\u0144c\u00f3w, kt\u00f3ry reprezentuje interesy mieszka\u0144c\u00f3w oraz ma czynny udzia\u0142 w\u00a0podejmowaniu decyzji dotycz\u0105cych funkcjonowania, dzia\u0142alno\u015bci i\u00a0utrzymania plac\u00f3wki.<\/p><p>\u00a0<\/p><h2><strong>Terapia zaj\u0119ciowa<\/strong><\/h2><p>W ramach aktywizacji Dom Pomocy Spo\u0142ecznej oferuje zaj\u0119cia terapeutyczne dobierane indywidualnie w\u00a0zale\u017cno\u015bci od potrzeb, zainteresowa\u0144 mieszka\u0144ca, z\u00a0uwzgl\u0119dnieniem jego mo\u017cliwo\u015bci i\u00a0stanu psychofizycznego.<\/p><p>Terapia zaj\u0119ciowa prowadzona jest przez dw\u00f3ch terapeut\u00f3w, kt\u00f3rzy prowadz\u0105 takie zaj\u0119cia jak:<\/p><ul><li><span style=\"background-color: transparent; color: var( --e-global-color-text ); font-family: var( --e-global-typography-text-font-family ), Sans-serif; font-weight: var( --e-global-typography-text-font-weight ); text-align: var(--text-align);\">zaj\u0119cia manualne<\/span><\/li><li><span style=\"background-color: transparent; color: var( --e-global-color-text ); font-family: var( --e-global-typography-text-font-family ), Sans-serif; font-weight: var( --e-global-typography-text-font-weight ); text-align: var(--text-align);\">gry stolikowe<\/span><\/li><li><span style=\"background-color: transparent; color: var( --e-global-color-text ); font-family: var( --e-global-typography-text-font-family ), Sans-serif; font-weight: var( --e-global-typography-text-font-weight ); text-align: var(--text-align);\">zaj\u0119cia kulinarne<\/span><\/li><li><span style=\"background-color: transparent; color: var( --e-global-color-text ); font-family: var( --e-global-typography-text-font-family ), Sans-serif; font-weight: var( --e-global-typography-text-font-weight ); text-align: var(--text-align);\">grupa terapeutyczna &#8211;\u00a0 uczestnicz\u0105cy w\u00a0niej mieszka\u0144cy maj\u0105 mo\u017cliwo\u015b\u0107 udzia\u0142u w\u00a0treningach pami\u0119ci, \u0107wiczeniach na koncentracj\u0119 itp.<\/span><\/li><li><span style=\"background-color: transparent; color: var( --e-global-color-text ); font-family: var( --e-global-typography-text-font-family ), Sans-serif; font-weight: var( --e-global-typography-text-font-weight ); text-align: var(--text-align);\">projekcja filmowa\u00a0<\/span><\/li><li><span style=\"background-color: transparent; color: var( --e-global-color-text ); font-family: var( --e-global-typography-text-font-family ), Sans-serif; font-weight: var( --e-global-typography-text-font-weight ); text-align: var(--text-align);\">biblioterapia\u00a0<\/span><\/li><li><span style=\"background-color: transparent; color: var( --e-global-color-text ); font-family: var( --e-global-typography-text-font-family ), Sans-serif; font-weight: var( --e-global-typography-text-font-weight ); text-align: var(--text-align);\">mieszka\u0144cy maj\u0105 okazj\u0119 uczestniczy\u0107 w\u00a0imprezach tematycznych, wyjazdach integracyjnych i\u00a0wycieczkach plenerowych<\/span><\/li><li><span style=\"background-color: transparent; color: var( --e-global-color-text ); font-family: var( --e-global-typography-text-font-family ), Sans-serif; font-weight: var( --e-global-typography-text-font-weight ); text-align: var(--text-align);\">terapia przy\u0142\u00f3\u017ckowa\u00a0<\/span><\/li><\/ul><p>\u00a0<\/p><div>\u00a0<\/div><h2><strong>Praca socjalna<\/strong><\/h2><p>W ramach swoich obowi\u0105zk\u00f3w pracownicy socjalni w\u00a0Domu Pomocy Spo\u0142ecznej &#8222;OPOKA&#8221; wsp\u00f3\u0142pracuj\u0105 z\u00a0rodzinami mieszka\u0144c\u00f3w w\u00a0trakcie przyjmowania ich do plac\u00f3wki i\u00a0podczas ich adaptacji i\u00a0pobytu w\u00a0DPS.<\/p><p>Pracownicy socjalni wykonuj\u0105c swoje ustawowe zadania podejmuj\u0105 szereg dzia\u0142a\u0144 we wsp\u00f3\u0142pracy z\u00a0innymi instytucjami i\u00a0urz\u0119dami celem zabezpieczenia potrzeb i\u00a0interes\u00f3w Mieszka\u0144c\u00f3w.<\/p><p>\u00a0<\/p><p>\u00a0<\/p><h2><strong>Opieka zdrowotna<\/strong><\/h2><p>Ka\u017cdy mieszkaniec po przyj\u0119ciu do DPS ma prawo do korzystania z\u00a0us\u0142ug lekarza POZ\u00a0z\u00a0kt\u00f3rego porad korzysta\u0142 wcze\u015bniej. Je\u017celi nie ma takiej mo\u017cliwo\u015bci lub mieszkaniec wyrazi takie \u017cyczenie, korzysta z\u00a0porad lekarza POZ sprawuj\u0105cego opiek\u0119 nad pozosta\u0142ymi mieszka\u0144cami. Lekarz przyjmuje w\u00a0DPS raz w\u00a0tygodniu. Domownicy maja r\u00f3wnie\u017c mo\u017cliwo\u015b\u0107 korzystania z\u00a0porad lekarzy specjalist\u00f3w. Zapewniamy kontakt\u00a0z\u00a0psychologiem, kt\u00f3ry dora\u017anie \u015bwiadczy us\u0142ugi dla plac\u00f3wki.<\/p><p>Mieszka\u0144cy obj\u0119ci s\u0105 ca\u0142odobow\u0105 opiek\u0105 wykwalifikowanych piel\u0119gniarek oraz opiekunek,\u00a0kt\u00f3re\u00a0im towarzysz\u0105 i\u00a0pomagaj\u0105\u00a0 w\u00a0codziennych czynno\u015bciach z\u00a0zakresu samoobs\u0142ugi i\u00a0higieny osobistej.<\/p><p>\u00a0<\/p><h2><strong>Rehabilitacja<\/strong><\/h2><p>G\u0142\u00f3wnym za\u0142o\u017ceniem rehabilitacji jest aktywizacja, poprawa jako\u015bci \u017cycia oraz zwi\u0119kszenie samodzielno\u015bci. \u0106wiczenia rehabilitacyjne s\u0105 dobierane indywidualnie do psychofizycznego stanu mieszka\u0144ca.<\/p><p>W ramach rehabilitacji prowadzona jest:<\/p><ul><li>gimnastyka og\u00f3lnorozwojowa,<\/li><li>rehabilitacja przy\u0142\u00f3\u017ckowa<\/li><\/ul><p>Mieszka\u0144cy dwa razy w\u00a0roku mog\u0105 skorzysta\u0107 z\u00a0zabieg\u00f3w w\u00a0ramach rehabilitacji domowej.<\/p>\t\t\t\t\t\t\t\t<\/div>\n\t\t\t\t<\/div>\n\t\t\t\t\t<\/div>\n\t\t\t\t<\/div>\n\t\t\t\t<\/div>\n\t\t","protected":false},"excerpt":{"rendered":"<p>Start Metody Pracy Podstawowym zadaniem Domu jest zapewnienie jego Mieszka\u0144com ca\u0142odobowej opieki oraz zaspokojenie niezb\u0119dnych potrzeb bytowych, opieku\u0144czych i\u00a0wspomagaj\u0105cych\u00a0w\u00a0atmosferze \u017cyczliwo\u015bci, serdeczno\u015bci i\u00a0troski o\u00a0drugiego cz\u0142owieka z\u00a0poszanowaniem praw i\u00a0godno\u015bci osobistej zgodnie z\u00a0przyj\u0119tymi zasadami \u017cycia spo\u0142ecznego. W plac\u00f3wce dzia\u0142a Samorz\u0105d Mieszka\u0144c\u00f3w, kt\u00f3ry reprezentuje interesy mieszka\u0144c\u00f3w oraz ma czynny udzia\u0142 w\u00a0podejmowaniu decyzji dotycz\u0105cych funkcjonowania, dzia\u0142alno\u015bci i\u00a0utrzymania plac\u00f3wki. \u00a0 Terapia [&hellip;]<\/p>\n","protected":false},"author":1,"featured_media":0,"parent":0,"menu_order":0,"comment_status":"closed","ping_status":"closed","template":"","meta":{"footnotes":""},"class_list":["post-51","page","type-page","status-publish","hentry"],"_links":{"self":[{"href":"https:\/\/opoka.gliwice.pl\/index.php\/wp-json\/wp\/v2\/pages\/51","targetHints":{"allow":["GET"]}}],"collection":[{"href":"https:\/\/opoka.gliwice.pl\/index.php\/wp-json\/wp\/v2\/pages"}],"about":[{"href":"https:\/\/opoka.gliwice.pl\/index.php\/wp-json\/wp\/v2\/types\/page"}],"author":[{"embeddable":true,"href":"https:\/\/opoka.gliwice.pl\/index.php\/wp-json\/wp\/v2\/users\/1"}],"replies":[{"embeddable":true,"href":"https:\/\/opoka.gliwice.pl\/index.php\/wp-json\/wp\/v2\/comments?post=51"}],"version-history":[{"count":19,"href":"https:\/\/opoka.gliwice.pl\/index.php\/wp-json\/wp\/v2\/pages\/51\/revisions"}],"predecessor-version":[{"id":604,"href":"https:\/\/opoka.gliwice.pl\/index.php\/wp-json\/wp\/v2\/pages\/51\/revisions\/604"}],"wp:attachment":[{"href":"https:\/\/opoka.gliwice.pl\/index.php\/wp-json\/wp\/v2\/media?parent=51"}],"curies":[{"name":"wp","href":"https:\/\/api.w.org\/{rel}","templated":true}]}}