{"id":46,"date":"2024-12-11T18:41:05","date_gmt":"2024-12-11T17:41:05","guid":{"rendered":"https:\/\/opoka.gliwice.pl\/?page_id=46"},"modified":"2024-12-23T19:49:26","modified_gmt":"2024-12-23T18:49:26","slug":"historia","status":"publish","type":"page","link":"https:\/\/opoka.gliwice.pl\/index.php\/historia\/","title":{"rendered":"Historia"},"content":{"rendered":"\t\t<div data-elementor-type=\"wp-page\" data-elementor-id=\"46\" class=\"elementor elementor-46\">\n\t\t\t\t<div class=\"elementor-element elementor-element-599d417f e-flex e-con-boxed e-con e-parent\" data-id=\"599d417f\" data-element_type=\"container\" data-e-type=\"container\">\n\t\t\t\t\t<div class=\"e-con-inner\">\n\t\t\t\t<div class=\"elementor-element elementor-element-64e9d823 elementor-widget elementor-widget-hfe-breadcrumbs-widget\" data-id=\"64e9d823\" data-element_type=\"widget\" data-e-type=\"widget\" data-widget_type=\"hfe-breadcrumbs-widget.default\">\n\t\t\t\t<div class=\"elementor-widget-container\">\n\t\t\t\t\t<nav aria-label=\"Breadcrumb\"><ul class=\"hfe-breadcrumbs hfe-breadcrumbs-show-home\"><li class=\"hfe-breadcrumbs-item hfe-breadcrumbs-first\"><span class=\"hfe-breadcrumbs-home-icon\"><svg aria-hidden=\"true\" class=\"e-font-icon-svg e-fas-home\" viewBox=\"0 0 576 512\" xmlns=\"http:\/\/www.w3.org\/2000\/svg\"><path d=\"M280.37 148.26L96 300.11V464a16 16 0 0 0 16 16l112.06-.29a16 16 0 0 0 15.92-16V368a16 16 0 0 1 16-16h64a16 16 0 0 1 16 16v95.64a16 16 0 0 0 16 16.05L464 480a16 16 0 0 0 16-16V300L295.67 148.26a12.19 12.19 0 0 0-15.3 0zM571.6 251.47L488 182.56V44.05a12 12 0 0 0-12-12h-56a12 12 0 0 0-12 12v72.61L318.47 43a48 48 0 0 0-61 0L4.34 251.47a12 12 0 0 0-1.6 16.9l25.5 31A12 12 0 0 0 45.15 301l235.22-193.74a12.19 12.19 0 0 1 15.3 0L530.9 301a12 12 0 0 0 16.9-1.6l25.5-31a12 12 0 0 0-1.7-16.93z\"><\/path><\/svg><\/span><a href=\"https:\/\/opoka.gliwice.pl\"><span class=\"hfe-breadcrumbs-text\">Start<\/span><\/a><\/li><\/ul><\/nav>\t\t\t\t<\/div>\n\t\t\t\t<\/div>\n\t\t\t\t\t<\/div>\n\t\t\t\t<\/div>\n\t\t<div class=\"elementor-element elementor-element-41893ed0 e-flex e-con-boxed e-con e-parent\" data-id=\"41893ed0\" data-element_type=\"container\" data-e-type=\"container\">\n\t\t\t\t\t<div class=\"e-con-inner\">\n\t\t\t\t<div class=\"elementor-element elementor-element-212cd655 animated-slow elementor-invisible elementor-widget elementor-widget-heading\" data-id=\"212cd655\" data-element_type=\"widget\" data-e-type=\"widget\" data-settings=\"{&quot;_animation&quot;:&quot;fadeIn&quot;}\" data-widget_type=\"heading.default\">\n\t\t\t\t<div class=\"elementor-widget-container\">\n\t\t\t\t\t<h2 class=\"elementor-heading-title elementor-size-default\">Historia<\/h2>\t\t\t\t<\/div>\n\t\t\t\t<\/div>\n\t\t\t\t<div class=\"elementor-element elementor-element-3629c02e animated-slow elementor-widget-divider--view-line elementor-invisible elementor-widget elementor-widget-divider\" data-id=\"3629c02e\" data-element_type=\"widget\" data-e-type=\"widget\" data-settings=\"{&quot;_animation&quot;:&quot;fadeInRight&quot;}\" data-widget_type=\"divider.default\">\n\t\t\t\t<div class=\"elementor-widget-container\">\n\t\t\t\t\t\t\t<div class=\"elementor-divider\">\n\t\t\t<span class=\"elementor-divider-separator\">\n\t\t\t\t\t\t<\/span>\n\t\t<\/div>\n\t\t\t\t\t\t<\/div>\n\t\t\t\t<\/div>\n\t\t\t\t\t<\/div>\n\t\t\t\t<\/div>\n\t\t<div class=\"elementor-element elementor-element-60ce5fd4 e-flex e-con-boxed e-con e-parent\" data-id=\"60ce5fd4\" data-element_type=\"container\" data-e-type=\"container\">\n\t\t\t\t\t<div class=\"e-con-inner\">\n\t\t\t\t<div class=\"elementor-element elementor-element-55c88c1b elementor-widget elementor-widget-text-editor\" data-id=\"55c88c1b\" data-element_type=\"widget\" data-e-type=\"widget\" data-widget_type=\"text-editor.default\">\n\t\t\t\t<div class=\"elementor-widget-container\">\n\t\t\t\t\t\t\t\t\t<p>Zanim zbudowano Dom Starc\u00f3w przy ul. Pszczy\u0144skiej istnia\u0142y dwa bardzo stare budynki, jeden miejski pod numerem 89 oraz drugi naprzeciwko pod numerem 102 wynaj\u0119ty przez miasto. Pierwszy dom istnia\u0142 ju\u017c w\u00a0II po\u0142owie XIX wieku, gdy wzros\u0142o zapotrzebowanie na tego typu plac\u00f3wki w\u00a01903 r. wynaj\u0119to dom naprzeciwko. Mieszka\u0144cami w\u00a0obu domach opiekowa\u0142y si\u0119 siostry Boromeuszki. W\u00a01909 oddano do dyspozycji mieszka\u0144c\u00f3w kolejny budynek przy ul. Pszczy\u0144skiej. 1 lipca 1935 roku rozpocz\u0119to prace przy budowie nowo zaprojektowanego oraz funkcjonalnego obiektu, kt\u00f3ry zosta\u0142 oddany do u\u017cytku 20 stycznia 1936 roku. Przygotowano w\u00a0nim 40 miejsc a\u00a0zbudowano tak, aby w\u00a0razie potrzeby mo\u017cna go by\u0142o rozbudowa\u0107. Istnia\u0142y w\u00a0nim trzy kondygnacje, na parterze opr\u00f3cz pomieszcze\u0144 gospodarczych i\u00a0mieszkalnych dla si\u00f3str, istnia\u0142a \u015bwietlica. Na I\u00a0pi\u0119trze znajdowa\u0142y si\u0119 5-6 osobowe pokoje oraz \u0142azienki i\u00a0ubikacje a\u00a0na poddaszu urz\u0105dzono ma\u0142\u0105 szwalnie. Budynek po gruntownym remoncie funkcjonuje do dnia dzisiejszego.<\/p><p>Przed wojn\u0105 plac\u00f3wka nosi\u0142a nazw\u0119 Dom Starc\u00f3w. W\u00a0p\u00f3\u017aniejszym okresie zmienia\u0142a nazw\u0119 kilkakrotnie by\u0142a m.in. Zak\u0142adem Specjalnym dla os\u00f3b ze schorzeniami uk\u0142adu nerwowego, Zak\u0142adem Specjalnym dla przewlekle chorych ze schorzeniami nowotworowymi. P\u00f3\u017aniej plac\u00f3wka otrzyma\u0142a nazw\u0119 Pa\u0144stwowy Dom Pomocy Spo\u0142ecznej dla Doros\u0142ych.<\/p><p>W 1991 roku na podstawie Zarz\u0105dzenia Wojewody Katowickiego kolejny raz zmieniono nazw\u0119 na \u201eDom Pomocy Spo\u0142ecznej w\u00a0Gliwicach\u201d. W\u00a0roku 1996 rozpocz\u0119to modernizacj\u0119 i\u00a0rozbudow\u0119 domu. W\u00a0wyniku reformy administracyjnej kraju, a\u00a0zgodnie ze statutem nadanym w\u00a01999 roku plac\u00f3wka nosi nazw\u0119: Dom Pomocy Spo\u0142ecznej \u201eOPOKA\u201d w\u00a0Gliwicach. Jest jednostk\u0105 bud\u017cetow\u0105 samorz\u0105du terytorialnego miasta na prawach powiatu nieposiadaj\u0105c\u0105 osobowo\u015bci prawnej. Zapewnia opiek\u0119 57 osobom przewlekle somatycznie chorym, ze zr\u00f3\u017cnicowanym stanem zdrowia i\u00a0stopniem niepe\u0142nosprawno\u015bci.<\/p><p>Dom pozbawiony jest barier architektonicznych, wyposa\u017cony w\u00a0d\u017awig osobowy przystosowany dla os\u00f3b niepe\u0142nosprawnych.<\/p><p>O\u015brodek otoczony jest ogrodem, w\u00a0kt\u00f3rym znajduj\u0105 si\u0119 altanki oraz \u0142aweczki.<\/p><p>Dysponujemy pokojami 1,2,3 i\u00a04 osobowymi, kt\u00f3re wyposa\u017cone s\u0105 w\u00a0system przyzywowo \u2013 alarmowy. Do dyspozycji mieszka\u0144c\u00f3w, w\u00a0ka\u017cdym pokoju znajduje si\u0119 \u0142azienka dostosowana do potrzeb os\u00f3b niepe\u0142nosprawnych, wyposa\u017cona w\u00a0prysznic lub wann\u0119.<\/p><p>Dom dysponuje w\u0142asn\u0105 kuchni\u0105 gdzie przygotowywane s\u0105 posi\u0142ki zgodnie z\u00a0zaleceniami dietetycznymi i\u00a0indywidualnymi preferencjami mieszka\u0144c\u00f3w.<\/p><p>Na terenie plac\u00f3wki znajduje si\u0119 Kaplica, w\u00a0kt\u00f3rej pos\u0142ug\u0119 pe\u0142ni ks. Krzysztof.<\/p><p>Mieszka\u0144cy maj\u0105 do swojej dyspozycji pok\u00f3j go\u015bcinny, salk\u0119 rehabilitacyjn\u0105 oraz kuchenk\u0119 wyposa\u017con\u0105 w\u00a0podstawowe sprz\u0119ty.<\/p>\t\t\t\t\t\t\t\t<\/div>\n\t\t\t\t<\/div>\n\t\t\t\t\t<\/div>\n\t\t\t\t<\/div>\n\t\t\t\t<\/div>\n\t\t","protected":false},"excerpt":{"rendered":"<p>Start Historia Zanim zbudowano Dom Starc\u00f3w przy ul. Pszczy\u0144skiej istnia\u0142y dwa bardzo stare budynki, jeden miejski pod numerem 89 oraz drugi naprzeciwko pod numerem 102 wynaj\u0119ty przez miasto. Pierwszy dom istnia\u0142 ju\u017c w\u00a0II po\u0142owie XIX wieku, gdy wzros\u0142o zapotrzebowanie na tego typu plac\u00f3wki w\u00a01903 r. wynaj\u0119to dom naprzeciwko. Mieszka\u0144cami w\u00a0obu domach opiekowa\u0142y si\u0119 siostry Boromeuszki. [&hellip;]<\/p>\n","protected":false},"author":1,"featured_media":0,"parent":0,"menu_order":0,"comment_status":"closed","ping_status":"closed","template":"","meta":{"footnotes":""},"class_list":["post-46","page","type-page","status-publish","hentry"],"_links":{"self":[{"href":"https:\/\/opoka.gliwice.pl\/index.php\/wp-json\/wp\/v2\/pages\/46","targetHints":{"allow":["GET"]}}],"collection":[{"href":"https:\/\/opoka.gliwice.pl\/index.php\/wp-json\/wp\/v2\/pages"}],"about":[{"href":"https:\/\/opoka.gliwice.pl\/index.php\/wp-json\/wp\/v2\/types\/page"}],"author":[{"embeddable":true,"href":"https:\/\/opoka.gliwice.pl\/index.php\/wp-json\/wp\/v2\/users\/1"}],"replies":[{"embeddable":true,"href":"https:\/\/opoka.gliwice.pl\/index.php\/wp-json\/wp\/v2\/comments?post=46"}],"version-history":[{"count":13,"href":"https:\/\/opoka.gliwice.pl\/index.php\/wp-json\/wp\/v2\/pages\/46\/revisions"}],"predecessor-version":[{"id":595,"href":"https:\/\/opoka.gliwice.pl\/index.php\/wp-json\/wp\/v2\/pages\/46\/revisions\/595"}],"wp:attachment":[{"href":"https:\/\/opoka.gliwice.pl\/index.php\/wp-json\/wp\/v2\/media?parent=46"}],"curies":[{"name":"wp","href":"https:\/\/api.w.org\/{rel}","templated":true}]}}